r of 24 and 14.
2
Calculate the greatest common divisor of 23864 and 152.
152
What is the highest common factor of 4 and 27?
1
What is the greatest common factor of 1780 and 30?
10
What is the greatest common divisor of 448 and 42?
14
What is the highest common divisor of 71 and 71?
71
What is the highest common divisor of 7891 and 26?
13
Calculate the greatest common divisor of 1 and 2857.
1
Calculate the highest common divisor of 38436 and 12.
12
What is the greatest common factor of 40 and 160?
40
Calculate the greatest common factor of 18 and 354.
6
Calculate the greatest common factor of 22191 and 39.
39
What is the greatest common factor of 11 and 418?
11
Calculate the greatest common divisor of 19 and 133.
19
Calculate the highest common divisor of 357 and 2436.
21
Calculate the greatest common divisor of 242 and 2.
2
What is the highest common factor of 62 and 31?
31
Calculate the highest common factor of 3 and 78.
3
Calculate the greatest common factor of 18 and 2358.
18
What is the highest common divisor of 533 and 2214?
41
What is the greatest common divisor of 16 and 76?
4
Calculate the greatest common divisor of 30 and 25.
5
Calculate the highest common divisor of 256 and 16.
16
Calculate the highest common factor of 16 and 17360.
16
What is the greatest common divisor of 133 and 57?
19
Calculate the greatest common divisor of 81 and 2403.
27
Calculate the greatest common factor of 688 and 64.
16
What is the highest common factor of 14 and 2?
2
What is the highest common divisor of 2271 and 3?
3
What is the highest common factor of 114 and 6?
6
What is the highest common factor of 45 and 3519?
9
Calculate the highest common divisor of 2944 and 276.
92
Calculate the greatest common factor of 30 and 30870.
30
What is the greatest common divisor of 30 and 11090?
10
What is the highest common divisor of 490 and 20?
10
Calculate the greatest common factor of 1310 and 10.
10
Calculate the greatest common divisor of 13528 and 152.
152
What is the greatest common factor of 27 and 171?
9
What is the highest common factor of 82 and 1271?
41
What is the greatest common factor of 14027 and 169?
169
Calculate the highest common factor of 195 and 19630.
65
Calculate the highest common factor of 15 and 95.
5
Calculate the highest common factor of 160 and 1030.
10
Calculate the highest common factor of 9156 and 168.
84
Calculate the greatest common factor of 4328 and 8.
8
What is the greatest common factor of 5452 and 1692?
188
What is the greatest common factor of 598 and 13?
13
Calculate the highest common factor of 444 and 24.
12
What is the highest common factor of 84 and 5691?
21
What is the highest common divisor of 1 and 31?
1
What is the greatest common factor of 32 and 36?
4
Calculate the highest common factor of 120 and 660.
60
Calculate the highest common factor of 2112 and 33.
33
What is the greatest common divisor of 1392 and 192?
48
Calculate the greatest common factor of 2196 and 24.
12
Calculate the highest common factor of 660 and 165.
165
Calculate the highest common factor of 451 and 41.
41
What is the greatest common divisor of 32 and 19744?
32
What is the greatest common factor of 3 and 249?
3
What is the highest common factor of 26 and 221?
13
What is the highest common divisor of 260 and 52?
52
Calculate the highest common factor of 960 and 1728.
192
What is the highest common factor of 344 and 1456?
8
What is the greatest common factor of 6017 and 77?
11
What is the greatest common divisor of 275 and 6225?
25
What is the greatest common divisor of 66 and 42?
6
Calculate the highest common divisor of 189 and 63.
63
What is the highest common divisor of 8 and 5276?
4
Calculate the highest common divisor of 204 and 6.
6
Calculate the greatest common factor of 16 and 176.
16
Calculate the greatest common divisor of 360 and 28440.
360
Calculate the highest common factor of 3887 and 169.
169
Calculate the greatest common divisor of 25720 and 80.
40
What is the highest common factor of 12 and 642?
6
What is the highest common factor of 1245 and 615?
15
What is the greatest common factor of 44 and 374?
22
Calculate the highest common factor of 72 and 28.
4
What is the highest common divisor of 23 and 2369?
23
What is the greatest common divisor of 182 and 210?
14
Calculate the highest common divisor of 23 and 2507.
23
What is the highest common divisor of 9780 and 240?
60
Calculate the greatest common factor of 5415 and 30.
15
What is the highest common divisor of 1105 and 130?
65
What is the greatest common factor of 17051 and 177?
59
What is the greatest common divisor of 1365 and 117?
39
What is the highest common divisor of 16 and 2272?
16
Calculate the greatest common factor of 588 and 476.
28
Calculate the greatest common factor of 1043 and 28.
7
What is the highest common divisor of 7613 and 92?
23
What is the highest common factor of 4981 and 51?
17
What is the greatest common divisor of 264 and 297?
33
What is the greatest common divisor of 33 and 528?
33
What is the greatest common factor of 142 and 2?
2
What is the highest common factor of 3496 and 138?
46
Calculate the highest common factor of 2696 and 8.
8
Calculate the greatest common factor of 1886 and 410.
82
What is the highest common factor of 12 and 354?
6
What is the greatest common divisor of 36 and 75?
3
What is the greatest common divisor of 1148 and 9020?
164
Calculate the highest common divisor of 526 and 30.
2
What is the highest common factor of 102 and 578?
34
Calculate the greatest common factor of 1792 and 560.
112
Calculate the greatest common divisor of 28288 and 8.
8
What is the highest common factor of 90 and 2570?
10
Calculate the greatest common divisor of 602 and 344.
86
What is the greatest common factor of 2260 and 60?
20
What is the greatest common factor of 40 and 225?
5
Calculate the highest common factor of 207 and 1104.
69
Calculate the highest common divisor of 3589 and 485.
97
What is the highest common factor of 84 and 112?
28
Calculate the highest common factor of 87 and 696.
87
Calculate the highest common factor of 14 and 35.
7
What is the greatest common factor of 76 and 627?
19
What is the greatest common divisor of 11055 and 135?
15
What is the highest common divisor of 14 and 119?
7
What is the greatest common factor of 320 and 1660?
20
What is the greatest common divisor of 45 and 24?
3
Calculate the greatest common factor of 26 and 871.
13
Calculate the greatest common divisor of 47 and 28811.
47
What is the greatest common divisor of 81 and 36?
9
What is the highest common factor of 56 and 728?
56
What is the greatest common divisor of 42 and 3066?
42
Calculate the highest common factor of 27 and 2736.
9
Calculate the greatest common factor of 336 and 32.
16
What is the highest common divisor of 124 and 775?
31
What is the highest common factor of 5532 and 6?
6
What is the highest common factor of 2425 and 75?
25
What is the highest common factor of 376 and 24?
8
Calculate the greatest common divisor of 549 and 2989.
61
Calculate the highest common divisor of 345 and 30.
15
What is the greatest common factor of 84 and 1596?
84
What is the highest common factor of 147 and 441?
147
Calculate the greatest common factor of 144 and 1800.
72
What is the greatest common factor of 238 and 21?
7
What is the greatest common factor of 10 and 26080?
10
Calculate the greatest common factor of 18343 and 442.
221
Calculate the highest common factor of 14 and 28.
14
Calculate the greatest common divisor of 759 and 69.
69
What is the highest common factor of 30 and 13140?
30
Calculate the highest common divisor of 36 and 64.
4
Calculate the greatest common divisor of 30 and 380.
10
Calculate the highest common factor of 69 and 276.
69
What is the greatest common divisor of 720 and 90?
90
Calculate the greatest common divisor of 5 and 5.
5
What is the highest common divisor of 9 and 92223?
9
What is the highest common divisor of 259 and 629?
37
Calculate the highest common factor of 6 and 513.
3
Calculate the greatest common divisor of 49 and 3.
1
What is the highest common divisor of 92 and 31372?
92
Calculate the greatest common divisor of 18 and 315.
9
What is the highest common factor of 400 and 32?
16
What is the greatest common div